{"id":907,"date":"2018-05-21T05:54:48","date_gmt":"2018-05-21T05:54:48","guid":{"rendered":"http:\/\/lmsdemo.loc\/lms\/?page_id=7"},"modified":"2025-12-30T21:42:30","modified_gmt":"2025-12-31T03:42:30","slug":"home","status":"publish","type":"page","link":"https:\/\/reddec.com.mx\/","title":{"rendered":"Front Page"},"content":{"rendered":"<div class=\"wpb-content-wrapper\"><p>[vc_row full_width=&#8221;stretch_row&#8221; full_height=&#8221;yes&#8221; content_placement=&#8221;middle&#8221; parallax=&#8221;content-moving&#8221; parallax_image=&#8221;4983&#8243; bg_mobile=&#8221;yes&#8221; css=&#8221;.vc_custom_1767151778177{margin-bottom: 0px !important;}&#8221;][vc_column offset=&#8221;vc_col-lg-7 vc_col-md-5&#8243;][vc_custom_heading text=&#8221;Guiando mentes, inspirando corazones&#8221; font_container=&#8221;tag:h2|font_size:42|text_align:left|line_height:52px&#8221; use_theme_fonts=&#8221;yes&#8221; css=&#8221;&#8221;][vc_custom_heading text=&#8221;Red de Educaci\u00f3n y Capacitaci\u00f3n Continua con validez curricular certificada.&#8221; font_container=&#8221;tag:h3|text_align:left&#8221; use_theme_fonts=&#8221;yes&#8221; css=&#8221;&#8221;][vc_btn title=&#8221;Explorar Masterclass Gratuitas&#8221; style=&#8221;theme-button&#8221; size=&#8221;lg&#8221; css=&#8221;&#8221;][vc_empty_space height=&#8221;75px&#8221;][\/vc_column][\/vc_row][vc_row][vc_column width=&#8221;1\/3&#8243;][stm_icon_box title_holder=&#8221;h4&#8243; hover_pos=&#8221;top&#8221; icon=&#8221;fa fa-graduation-cap&#8221; icon_size=&#8221;51&#8243; icon_height=&#8221;76&#8243; icon_color=&#8221;#195ec8&#8243; title=&#8221;Aprendizaje Significativo&#8221; box_bg_color=&#8221;#f2f6fb&#8221; css=&#8221;.vc_custom_1767152071153{padding-bottom: 20px !important;}&#8221;]Instructores con experiencia laboral y alto grado acad\u00e9mico; garant\u00eda de calidad y modernizaci\u00f3n[\/stm_icon_box][\/vc_column][vc_column width=&#8221;1\/3&#8243;][stm_icon_box title_holder=&#8221;h4&#8243; hover_pos=&#8221;top&#8221; icon=&#8221;fa fa-solid fa-chart-line&#8221; icon_size=&#8221;54&#8243; icon_height=&#8221;76&#8243; icon_color=&#8221;#195ec8&#8243; title=&#8221;Mejora Competitiva&#8221; box_bg_color=&#8221;#f2f6fb&#8221; css=&#8221;.vc_custom_1767152326207{padding-bottom: 20px !important;}&#8221;]Mejora continua y la autorrenovaci\u00f3n de las habilidades y conocimientos profesionales[\/stm_icon_box][\/vc_column][vc_column width=&#8221;1\/3&#8243;][stm_icon_box title_holder=&#8221;h4&#8243; hover_pos=&#8221;top&#8221; icon=&#8221;fa fa-award&#8221; icon_size=&#8221;50&#8243; icon_height=&#8221;76&#8243; icon_color=&#8221;#195ec8&#8243; title=&#8221;Validez Curricular&#8221; box_bg_color=&#8221;#f2f6fb&#8221; css=&#8221;.vc_custom_1767152396920{padding-bottom: 20px !important;}&#8221;]Obt\u00e9n una constancia personalizada y certificada por CONOCER; amplia tu CV y tus oportunidades[\/stm_icon_box][\/vc_column][\/vc_row][vc_row full_width=&#8221;stretch_row_content&#8221; disable_element=&#8221;yes&#8221;][vc_column][vc_custom_heading text=&#8221;Recent courses&#8221; font_container=&#8221;tag:h2|font_size:50|text_align:center|line_height:50px&#8221; use_theme_fonts=&#8221;yes&#8221; css=&#8221;.vc_custom_1531998219169{margin-bottom: 44px !important;}&#8221;][stm_lms_recent_courses posts_per_page=&#8221;6&#8243;][vc_empty_space height=&#8221;75px&#8221;][\/vc_column][\/vc_row][vc_row full_width=&#8221;stretch_row&#8221; css=&#8221;.vc_custom_1531998548740{margin-bottom: 0px !important;padding-bottom: 46px !important;background-color: #f0f4fa !important;}&#8221; bg_pos=&#8221;50% 100%&#8221;][vc_column width=&#8221;1\/6&#8243;][\/vc_column][vc_column width=&#8221;2\/3&#8243;][vc_empty_space height=&#8221;62px&#8221;][vc_custom_heading text=&#8221;We are Proud&#8221; font_container=&#8221;tag:h2|font_size:50|text_align:center|line_height:50px&#8221; use_theme_fonts=&#8221;yes&#8221;][vc_custom_heading text=&#8221;Lorem ipsum dolor sit amet, consectetur adipisicing elit, sed do eiusmod tempor incididunt ut labore et dolore magna aliqu.&#8221; font_container=&#8221;tag:h4|font_size:18|text_align:center|line_height:28px&#8221; use_theme_fonts=&#8221;yes&#8221;][\/vc_column][vc_column width=&#8221;1\/6&#8243;][\/vc_column][\/vc_row][vc_row full_width=&#8221;stretch_row&#8221; css=&#8221;.vc_custom_1533878504383{margin-bottom: 0px !important;background: #f0f4fa url(http:\/\/masterstudy.s3.amazonaws.com\/online-light\/we_proud.png?id=948) !important;background-position: 0 0 !important;background-repeat: no-repeat !important;}&#8221; bg_pos=&#8221;50% 100%&#8221;][vc_column][vc_row_inner][vc_column_inner width=&#8221;1\/2&#8243; offset=&#8221;vc_col-lg-3 vc_col-md-3 vc_col-xs-12&#8243;][stm_stats_counter counter_value=&#8221;2000&#8243; border=&#8221;right&#8221; title=&#8221;Students&#8221; icon_text_color=&#8221;#273044&#8243; counter_text_color=&#8221;#273044&#8243; text_font_size=&#8221;70&#8243; counter_text_font_size=&#8221;20&#8243;][vc_empty_space height=&#8221;0&#8243; tablet_height=&#8221;40&#8243;][\/vc_column_inner][vc_column_inner width=&#8221;1\/2&#8243; offset=&#8221;vc_col-lg-3 vc_col-md-3 vc_col-xs-12&#8243;][stm_stats_counter counter_value=&#8221;950&#8243; border=&#8221;right&#8221; title=&#8221;Courses&#8221; icon_text_color=&#8221;#273044&#8243; counter_text_color=&#8221;#273044&#8243; text_font_size=&#8221;70&#8243; counter_text_font_size=&#8221;20&#8243;][vc_empty_space height=&#8221;0&#8243; tablet_height=&#8221;40&#8243;][\/vc_column_inner][vc_column_inner width=&#8221;1\/2&#8243; offset=&#8221;vc_col-lg-3 vc_col-md-3 vc_col-xs-12&#8243;][stm_stats_counter counter_value=&#8221;1600&#8243; border=&#8221;right&#8221; title=&#8221;Hours Video&#8221; icon_text_color=&#8221;#273044&#8243; counter_text_color=&#8221;#273044&#8243; text_font_size=&#8221;70&#8243; counter_text_font_size=&#8221;20&#8243;][\/vc_column_inner][vc_column_inner width=&#8221;1\/2&#8243; offset=&#8221;vc_col-lg-3 vc_col-md-3 vc_col-xs-12&#8243;][stm_stats_counter counter_value=&#8221;150&#8243; title=&#8221;Countries Reached&#8221; icon_text_color=&#8221;#273044&#8243; counter_text_color=&#8221;#273044&#8243; text_font_size=&#8221;70&#8243; counter_text_font_size=&#8221;20&#8243;][\/vc_column_inner][\/vc_row_inner][vc_empty_space height=&#8221;260px&#8221;][\/vc_column][\/vc_row][vc_row full_width=&#8221;stretch_row&#8221; el_class=&#8221;primary_bg_color&#8221; css=&#8221;.vc_custom_1532328330193{margin-bottom: 0px !important;}&#8221;][vc_column offset=&#8221;vc_col-lg-7 vc_col-md-7&#8243;][vc_empty_space height=&#8221;27px&#8221;][vc_custom_heading text=&#8221;Subscribe our newsletter&#8221; font_container=&#8221;tag:h4|font_size:19|text_align:left|color:%23ffffff|line_height:22px&#8221; use_theme_fonts=&#8221;yes&#8221;][vc_custom_heading text=&#8221;There are many variations of passages of Lorem Ipsum available, but the majority have suffered alteration in some form, by injected humour, or randomised words&#8221; font_container=&#8221;tag:h5|font_size:15|text_align:left|color:%23ffffff|line_height:22px&#8221; use_theme_fonts=&#8221;yes&#8221; el_class=&#8221;fwl&#8221;][vc_empty_space height=&#8221;50px&#8221; tablet_height=&#8221;0&#8243;][\/vc_column][vc_column offset=&#8221;vc_col-lg-5 vc_col-md-5&#8243;][vc_empty_space height=&#8221;18px&#8221;][stm_mailchimp title=&#8221;Your e-mail address&#8221; title_color=&#8221;#ffffff&#8221;][vc_empty_space height=&#8221;50px&#8221;][\/vc_column][\/vc_row][vc_row full_width=&#8221;stretch_row_content&#8221; equal_height=&#8221;yes&#8221; css=&#8221;.vc_custom_1533037364435{padding-right: 6.55% !important;padding-left: 6.55% !important;}&#8221;][vc_column offset=&#8221;vc_col-lg-6 vc_col-md-6&#8243;][stm_image_box title=&#8221;Become an Instructor&#8221; textarea=&#8221;Teach what you love. Masterstudy gives you the tools to create a course.&#8221; image=&#8221;321&#8243; button=&#8221;url:%23|title:Start%20teaching|target:%20_blank|&#8221;][vc_empty_space height=&#8221;75px&#8221;][\/vc_column][vc_column offset=&#8221;vc_col-lg-6 vc_col-md-6&#8243;][stm_image_box title=&#8221;Masterstudy For Business&#8221; textarea=&#8221;Get unlimited access to 2,500 of Udemy\u2019s top courses for your team.&#8221; image=&#8221;320&#8243; button=&#8221;url:%23|title:Doing%20Business|target:%<br \/>\n20_blank|&#8221;][vc_empty_space height=&#8221;75px&#8221;][\/vc_column][\/vc_row][vc_row full_width=&#8221;stretch_row_content_no_spaces&#8221; css=&#8221;.vc_custom_1531830215765{margin-bottom: 0px !important;}&#8221;][vc_column][stm_testimonials style=&#8221;style_2&#8243; testimonials_slides_per_row=&#8221;2&#8243; testimonials_max_num=&#8221;3&#8243;][\/vc_column][\/vc_row]<\/p>\n<\/div>","protected":false},"excerpt":{"rendered":"<p>[vc_row full_width=&#8221;stretch_row&#8221; full_height=&#8221;yes&#8221; content_placement=&#8221;middle&#8221; parallax=&#8221;content-moving&#8221; parallax_image=&#8221;4983&#8243; bg_mobile=&#8221;yes&#8221; css=&#8221;.vc_custom_1767151778177{margin-bottom: 0px !important;}&#8221;][vc_column offset=&#8221;vc_col-lg-7 vc_col-md-5&#8243;][vc_custom_heading text=&#8221;Guiando mentes, inspirando corazones&#8221; font_container=&#8221;tag:h2|font_size:42|text_align:left|line_height:52px&#8221; use_theme_fonts=&#8221;yes&#8221; css=&#8221;&#8221;][vc_custom_heading text=&#8221;Red de Educaci\u00f3n y Capacitaci\u00f3n Continua con validez curricular certificada.&#8221; font_container=&#8221;tag:h3|text_align:left&#8221; use_theme_fonts=&#8221;yes&#8221; css=&#8221;&#8221;][vc_btn title=&#8221;Explorar Masterclass Gratuitas&#8221; style=&#8221;theme-button&#8221; size=&#8221;lg&#8221; css=&#8221;&#8221;][vc_empty_space height=&#8221;75px&#8221;][\/vc_column][\/vc_row][vc_row][vc_column width=&#8221;1\/3&#8243;][stm_icon_box title_holder=&#8221;h4&#8243; hover_pos=&#8221;top&#8221; icon=&#8221;fa fa-graduation-cap&#8221; icon_size=&#8221;51&#8243; icon_height=&#8221;76&#8243; icon_color=&#8221;#195ec8&#8243; title=&#8221;Aprendizaje Significativo&#8221; box_bg_color=&#8221;#f2f6fb&#8221; css=&#8221;.vc_custom_1767152071153{padding-bottom: 20px !important;}&#8221;]Instructores con experiencia [&hellip;]<\/p>\n","protected":false},"author":2,"featured_media":0,"parent":0,"menu_order":0,"comment_status":"closed","ping_status":"closed","template":"","meta":{"pmpro_default_level":"","footnotes":""},"class_list":["post-907","page","type-page","status-publish","hentry","pmpro-has-access"],"_links":{"self":[{"href":"https:\/\/reddec.com.mx\/index.php\/wp-json\/wp\/v2\/pages\/907","targetHints":{"allow":["GET"]}}],"collection":[{"href":"https:\/\/reddec.com.mx\/index.php\/wp-json\/wp\/v2\/pages"}],"about":[{"href":"https:\/\/reddec.com.mx\/index.php\/wp-json\/wp\/v2\/types\/page"}],"author":[{"embeddable":true,"href":"https:\/\/reddec.com.mx\/index.php\/wp-json\/wp\/v2\/users\/2"}],"replies":[{"embeddable":true,"href":"https:\/\/reddec.com.mx\/index.php\/wp-json\/wp\/v2\/comments?post=907"}],"version-history":[{"count":1,"href":"https:\/\/reddec.com.mx\/index.php\/wp-json\/wp\/v2\/pages\/907\/revisions"}],"predecessor-version":[{"id":4998,"href":"https:\/\/reddec.com.mx\/index.php\/wp-json\/wp\/v2\/pages\/907\/revisions\/4998"}],"wp:attachment":[{"href":"https:\/\/reddec.com.mx\/index.php\/wp-json\/wp\/v2\/media?parent=907"}],"curies":[{"name":"wp","href":"https:\/\/api.w.org\/{rel}","templated":true}]}}